{"id":613,"date":"2016-02-29T11:00:06","date_gmt":"2016-02-29T11:00:06","guid":{"rendered":"https:\/\/eyrapflege.de\/?page_id=613"},"modified":"2023-10-19T13:56:14","modified_gmt":"2023-10-19T11:56:14","slug":"about-us","status":"publish","type":"page","link":"https:\/\/eyrapflege.de\/?page_id=613","title":{"rendered":"\u00dcber uns"},"content":{"rendered":"<section class=\"wpb-content-wrapper\"><p>[vc_row full_width=&#8220;stretch_row&#8220; css=&#8220;.vc_custom_1457368516398{margin-top: 4.9rem !important;padding-top: 9rem !important;padding-bottom: 8.5rem !important;background-image: url(https:\/\/eyrapflege.de\/wp-content\/uploads\/2016\/02\/backgroung-2.png?id=958) !important;background-position: center !important;background-repeat: no-repeat !important;background-size: cover !important;}&#8220;][vc_column width=&#8220;1\/2&#8243;]<div class=\"sc_section sc_section_block \"><div class=\"sc_section_inner\"><div class=\"sc_section_content_wrap\"><h3 class=\"sc_title sc_title_regular\">Es ist uns eine Herzensangelegenheit<\/h3>[vc_column_text css=&#8220;.vc_custom_1697177965974{margin-top: 2.2rem !important;margin-bottom: 3.2rem !important;}&#8220;]f\u00fcr Gesundheit und Wohlbefinden zu sorgen. Deshalb haben wir uns f\u00fcr den Namen &#8222;EYRA&#8220; entschieden, der auf die nordische G\u00f6ttin der Heilkunde und Heilung, Eir\/Eyra, verweist. Eyra gilt als die beste Heilerin und steht f\u00fcr das Streben nach vollkommener Gesundheit.<\/p>\n<p>Als EYRA Pflegedienst und EYRA Fahrdienst sind wir in Wriezen, Bad Freienwalde und im Oderbruch vertreten. Wird sind zwei starke Partner, die eng zusammenarbeiten, um individuelle Betreuung und Mobilit\u00e4t zu gew\u00e4hrleisten. Wir sind stolz darauf, die Menschen vor Ort auf dem Weg zu stetiger Gesundheit zu begleiten.[\/vc_column_text]<\/div><\/div><\/div>[\/vc_column][vc_column width=&#8220;1\/2&#8243;][\/vc_column][\/vc_row][vc_row css=&#8220;.vc_custom_1457368332766{margin-top: 7rem !important;}&#8220;][vc_column]<div id=\"sc_team_911623444_wrap\" class=\"sc_team_wrap\"><div id=\"sc_team_911623444\" class=\"sc_team sc_team_style_team-3 \" style=\"width:100%;\"><h2 class=\"sc_team_title sc_item_title\">Leitung<\/h2><div class=\"sc_columns columns_wrap\"><div class=\"column-1_3 column_padding_bottom\">\t\t\t<div id=\"sc_team_911623444_1\"\t\t\t\tclass=\"sc_team_item sc_team_item_1 odd first\"\n\t\t\t\t>\n\t\t\t\t<div class=\"sc_team_item_avatar\"><img class=\"wp-post-image\" width=\"370\" height=\"410\" alt=\"Uwe Schulz\" src=\"https:\/\/eyrapflege.de\/wp-content\/uploads\/2016\/03\/uwe-schulz-eyra-pflegedienst-370x410.jpg\">\t\t\t\t\t<div class=\"sc_team_item_hover\">\n\t\t\t\t\t\t<div class=\"sc_team_item_socials\"><\/div>\n\t\t\t\t\t<\/div>\n\t\t\t\t<\/div>\n\t\t\t\t<div class=\"sc_team_item_info\">\n\t\t\t\t\t<h5 class=\"sc_team_item_title\"><a href=\"https:\/\/eyrapflege.de\/?team=uwe-schulz\">Uwe Schulz<\/a><\/h5>\n\t\t\t\t\t<div class=\"sc_team_item_position\">Gesch\u00e4ftsf\u00fchrer<\/div>\n\t\t\t\t<\/div>\n\t\t\t<\/div>\n\t\t<\/div><div class=\"column-1_3 column_padding_bottom\">\t\t\t<div id=\"sc_team_911623444_2\"\t\t\t\tclass=\"sc_team_item sc_team_item_2 even\"\n\t\t\t\t>\n\t\t\t\t<div class=\"sc_team_item_avatar\"><img class=\"wp-post-image\" width=\"370\" height=\"410\" alt=\"Nancy Ziethen\" src=\"https:\/\/eyrapflege.de\/wp-content\/uploads\/2016\/03\/nancy-ziethen-eyra-pflegedienst-2-370x410.jpg\">\t\t\t\t\t<div class=\"sc_team_item_hover\">\n\t\t\t\t\t\t<div class=\"sc_team_item_socials\"><\/div>\n\t\t\t\t\t<\/div>\n\t\t\t\t<\/div>\n\t\t\t\t<div class=\"sc_team_item_info\">\n\t\t\t\t\t<h5 class=\"sc_team_item_title\"><a href=\"https:\/\/eyrapflege.de\/?team=nancy-ziethen\">Nancy Ziethen<\/a><\/h5>\n\t\t\t\t\t<div class=\"sc_team_item_position\">Pflegedienstleitung<\/div>\n\t\t\t\t<\/div>\n\t\t\t<\/div>\n\t\t<\/div><div class=\"column-1_3 column_padding_bottom\">\t\t\t<div id=\"sc_team_911623444_3\"\t\t\t\tclass=\"sc_team_item sc_team_item_3 odd\"\n\t\t\t\t>\n\t\t\t\t<div class=\"sc_team_item_avatar\"><img class=\"wp-post-image\" width=\"370\" height=\"410\" alt=\"Christopher Siegel\" src=\"https:\/\/eyrapflege.de\/wp-content\/uploads\/2023\/09\/Logo-Website-Eyra-Favicon-370x410.jpg\">\t\t\t\t\t<div class=\"sc_team_item_hover\">\n\t\t\t\t\t\t<div class=\"sc_team_item_socials\"><\/div>\n\t\t\t\t\t<\/div>\n\t\t\t\t<\/div>\n\t\t\t\t<div class=\"sc_team_item_info\">\n\t\t\t\t\t<h5 class=\"sc_team_item_title\"><a href=\"https:\/\/eyrapflege.de\/?team=christopher-siegel\">Christopher Siegel<\/a><\/h5>\n\t\t\t\t\t<div class=\"sc_team_item_position\">Abteilungsleiter Hauswirtschaft \/ Garten \/ Fahrzeuge<\/div>\n\t\t\t\t<\/div>\n\t\t\t<\/div>\n\t\t<\/div><\/div><\/div><!-- \/.sc_team --><\/div><!-- \/.sc_team_wrap -->[\/vc_column][\/vc_row]<\/p>\n<\/section>","protected":false},"excerpt":{"rendered":"<p>[vc_row full_width=&#8220;stretch_row&#8220; css=&#8220;.vc_custom_1457368516398{margin-top: 4.9rem !important;padding-top: 9rem !important;padding-bottom: 8.5rem !important;background-image: url(https:\/\/eyrapflege.de\/wp-content\/uploads\/2016\/02\/backgroung-2.png?id=958) !important;background-position: center !important;background-repeat: no-repeat !important;background-size: cover !important;}&#8220;][vc_column width=&#8220;1\/2&#8243;][\/vc_column][vc_column width=&#8220;1\/2&#8243;][\/vc_column][\/vc_row][vc_row css=&#8220;.vc_custom_1457368332766{margin-top: 7rem !important;}&#8220;][vc_column][\/vc_column][\/vc_row]<\/p>\n","protected":false},"author":1,"featured_media":0,"parent":0,"menu_order":0,"comment_status":"closed","ping_status":"closed","template":"","meta":{"footnotes":""},"_links":{"self":[{"href":"https:\/\/eyrapflege.de\/index.php?rest_route=\/wp\/v2\/pages\/613"}],"collection":[{"href":"https:\/\/eyrapflege.de\/index.php?rest_route=\/wp\/v2\/pages"}],"about":[{"href":"https:\/\/eyrapflege.de\/index.php?rest_route=\/wp\/v2\/types\/page"}],"author":[{"embeddable":true,"href":"https:\/\/eyrapflege.de\/index.php?rest_route=\/wp\/v2\/users\/1"}],"replies":[{"embeddable":true,"href":"https:\/\/eyrapflege.de\/index.php?rest_route=%2Fwp%2Fv2%2Fcomments&post=613"}],"version-history":[{"count":11,"href":"https:\/\/eyrapflege.de\/index.php?rest_route=\/wp\/v2\/pages\/613\/revisions"}],"predecessor-version":[{"id":1815,"href":"https:\/\/eyrapflege.de\/index.php?rest_route=\/wp\/v2\/pages\/613\/revisions\/1815"}],"wp:attachment":[{"href":"https:\/\/eyrapflege.de\/index.php?rest_route=%2Fwp%2Fv2%2Fmedia&parent=613"}],"curies":[{"name":"wp","href":"https:\/\/api.w.org\/{rel}","templated":true}]}}

Über uns

<section class="wpb-content-wrapper"><p>[vc_row full_width=&#8220;stretch_row&#8220; css=&#8220;.vc_custom_1457368516398{margin-top: 4.9rem !important;padding-top: 9rem !important;padding-bottom: 8.5rem !important;background-image: url(https://eyrapflege.de/wp-content/uploads/2016/02/backgroung-2.png?id=958) !important;background-position: center !important;background-repeat: no-repeat !important;background-size: cover !important;}&#8220;][vc_column width=&#8220;1/2&#8243;]<div class="sc_section sc_section_block "><div class="sc_section_inner"><div class="sc_section_content_wrap"><h3 class="sc_title sc_title_regular">Es ist uns eine Herzensangelegenheit</h3>[vc_column_text css=&#8220;.vc_custom_1697177965974{margin-top: 2.2rem !important;margin-bottom: 3.2rem !important;}&#8220;]für Gesundheit und Wohlbefinden zu sorgen. Deshalb haben wir uns für den Namen &#8222;EYRA&#8220; entschieden, der auf die nordische Göttin der Heilkunde und Heilung, Eir/Eyra, verweist. Eyra gilt als die beste Heilerin und steht für das Streben nach vollkommener Gesundheit.</p>
<p>Als EYRA Pflegedienst und EYRA Fahrdienst sind wir in Wriezen, Bad Freienwalde und im Oderbruch vertreten. Wird sind zwei starke Partner, die eng zusammenarbeiten, um individuelle Betreuung und Mobilität zu gewährleisten. Wir sind stolz darauf, die Menschen vor Ort auf dem Weg zu stetiger Gesundheit zu begleiten.[/vc_column_text]</div></div></div>[/vc_column][vc_column width=&#8220;1/2&#8243;][/vc_column][/vc_row][vc_row css=&#8220;.vc_custom_1457368332766{margin-top: 7rem !important;}&#8220;][vc_column]<div id="sc_team_911623444_wrap" class="sc_team_wrap"><div id="sc_team_911623444" class="sc_team sc_team_style_team-3 " style="width:100%;"><h2 class="sc_team_title sc_item_title">Leitung</h2><div class="sc_columns columns_wrap"><div class="column-1_3 column_padding_bottom">			<div id="sc_team_911623444_1"				class="sc_team_item sc_team_item_1 odd first"
				>
				<div class="sc_team_item_avatar"><img class="wp-post-image" width="370" height="410" alt="Uwe Schulz" src="https://eyrapflege.de/wp-content/uploads/2016/03/uwe-schulz-eyra-pflegedienst-370x410.jpg">					<div class="sc_team_item_hover">
						<div class="sc_team_item_socials"></div>
					</div>
				</div>
				<div class="sc_team_item_info">
					<h5 class="sc_team_item_title"><a href="https://eyrapflege.de/?team=uwe-schulz">Uwe Schulz</a></h5>
					<div class="sc_team_item_position">Geschäftsführer</div>
				</div>
			</div>
		</div><div class="column-1_3 column_padding_bottom">			<div id="sc_team_911623444_2"				class="sc_team_item sc_team_item_2 even"
				>
				<div class="sc_team_item_avatar"><img class="wp-post-image" width="370" height="410" alt="Nancy Ziethen" src="https://eyrapflege.de/wp-content/uploads/2016/03/nancy-ziethen-eyra-pflegedienst-2-370x410.jpg">					<div class="sc_team_item_hover">
						<div class="sc_team_item_socials"></div>
					</div>
				</div>
				<div class="sc_team_item_info">
					<h5 class="sc_team_item_title"><a href="https://eyrapflege.de/?team=nancy-ziethen">Nancy Ziethen</a></h5>
					<div class="sc_team_item_position">Pflegedienstleitung</div>
				</div>
			</div>
		</div><div class="column-1_3 column_padding_bottom">			<div id="sc_team_911623444_3"				class="sc_team_item sc_team_item_3 odd"
				>
				<div class="sc_team_item_avatar"><img class="wp-post-image" width="370" height="410" alt="Christopher Siegel" src="https://eyrapflege.de/wp-content/uploads/2023/09/Logo-Website-Eyra-Favicon-370x410.jpg">					<div class="sc_team_item_hover">
						<div class="sc_team_item_socials"></div>
					</div>
				</div>
				<div class="sc_team_item_info">
					<h5 class="sc_team_item_title"><a href="https://eyrapflege.de/?team=christopher-siegel">Christopher Siegel</a></h5>
					<div class="sc_team_item_position">Abteilungsleiter Hauswirtschaft / Garten / Fahrzeuge</div>
				</div>
			</div>
		</div></div></div><!-- /.sc_team --></div><!-- /.sc_team_wrap -->[/vc_column][/vc_row]</p>
</section>
